 2*d + 4*t, -5*d - 3 + 66 = 3*t. Let z = 17 - d. Suppose -5*l + 35 = -z. List the prime factors of l.
2
Let z(w) = 6*w - 8. Let b be z(-6). Let o = -9 - b. List the prime factors of o.
5, 7
Suppose 3*r + 24 = -r. Let x be (0 - 3/6)*r. What are the prime factors of x*6 - (-2 + 5)?
3, 5
Suppose 0 = t - 2*l - 12, -t - 4*t = 5*l. Suppose t*k = k + 90. Suppose 0 = -5*a + 7*a - k. List the prime factors of a.
3, 5
Suppose 24 = f - 16. List the prime factors of f.
2, 5
Suppose r + 4*q + 12 = -0, 5*q + 32 = 3*r. Suppose 0 = -r*g - 8. List the prime factors of (-23)/(-2) + g/4.
11
Suppose 0 = -2*u + 5*f, -14 = -u - u - 2*f. Suppose -18 - 17 = -u*a. What are the prime factors of a?
7
Let u be 12/(-8)*4/(-3). Suppose -3*i - u - 2 = -t, -5*i = 5*t. Let m = 9 - i. What are the prime factors of m?
2, 5
Suppose 0 = 4*q - 3*q - 75. List the prime factors of q.
3, 5
Let i(v) = -3*v**3 - 4*v**2 - 2*v + 2. Let z(u) = -u**3 + 10*u**2 - u + 8. Let h be z(10). List the prime factors of i(h).
2, 7
Let j(n) = n. Let g be j(-3). What are the prime factors of 0 - 5*(g + 2)?
5
Let y be 1 - 0 - (2 + -25). Suppose 8*l = 6*l + y. List the prime factors of l.
2, 3
Let z(c) be the first derivative of c**4/24 + 7*c**3/6 + 3*c**2/2 - 2. Let q(p) be the second derivative of z(p). List the prime factors of q(6).
13
Let c(m) = 4*m**3 - 2*m**2 + 3*m - 3. Let u = 5 - 3. List the prime factors of c(u).
3
Let j be (-8)/52 + 2550/13. Suppose 2*a - j = -2*a. List the prime factors of a.
7
Suppose 0 = 4*t, -4*z + 2*t + 192 = -0*t. What are the prime factors of z?
2, 3
Let k(c) = -9*c**2 + 2*c + 1. Let l(m) be the first derivative of -m**3 + m**2/2 - 1. Let v(w) = 2*k(w) - 7*l(w). List the prime factors of v(2).
2
Let j = 22 + -6. List the prime factors of j.
2
Let b = -208 + 380. What are the prime factors of b?
2, 43
Let b = -173 - -249. List the prime factors of b.
2, 19
Suppose -3*i = i - 8. Suppose 3 - 11 = -4*b, -k = 3*b + 14. What are the prime factors of -4 + i - k/2?
2
Let t(z) = -z**3 + 4*z**2 - 2*z - 1. Let i be t(3). Suppose w = i*c - 24, -2*c - 4*w - 24 = -4*c. List the prime factors of c.
2, 3
Let i be 2/(-9) - (-364)/18. Suppose 0 = -0*u - 2*u + i. What are the prime factors of u?
2, 5
Let k = 79 - 2. List the prime factors of k.
7, 11
Let c(d) = d**3 + 29. Let j be c(0). List the prime factors of j/3 + (-4)/6.
3
Suppose 0 = -3*q - 2*o + 16, -o = 2*q - 4 - 7. What are the prime factors of q?
2, 3
Let j(w) = -w + 10. Let p be j(6). Suppose 60 = i + 3*k, -p*k = 3*i + k - 164. Suppose -5*z + z + i = 0. List the prime factors of z.
2, 3
Let f(r) = -3*r - 2. Let a be f(-9). Suppose 0 = -4*g - g + a. Suppose 0*t + 2*k - 22 = -2*t, g*t - 4*k = 10. What are the prime factors of t?
2, 3
Let i(z) = 6*z + 3. What are the prime factors of i(2)?
3, 5
Suppose 15 - 6 = 3*r. Suppose 0 = -5*j - g - 10, 0*j + 6 = -r*j + g. List the prime factors of 18 + (-2 - 0) - j.
2, 3
Let s(g) = 6*g - 2. Let u be s(2). Suppose 4*n = 0, 5*a + n + 2*n - u = 0. What are the prime factors of a?
2
Let p be 25/(2/(0 - -2)). Let j = p - 13. What are the prime factors of j?
2, 3
Suppose 4*w = -w. Suppose -2*n + 2*g + 24 = w, 12 = 5*g - g. What are the prime factors of n?
3, 5
What are the prime factors of 1/((-33)/6) + (-123)/(-11)?
11
Let t(f) = -f**3 + 3*f**2 + 13*f - 9. List the prime factors of t(5).
2, 3
Let n(i) = -i**3 + 14*i**2 + 2*i - 11. What are the prime factors of n(6)?
17
Let p(r) = -r**2 + 22*r - 3. List the prime factors of p(19).
2, 3
Let s = 0 - 0. Let o(r) = -r**3 + 2*r**2 + 4*r. Let t be o(3). Suppose -4*c - 4*j + 38 = -2*j, t*c + 2*j - 28 = s. List the prime factors of c.
2, 5
Suppose 1379 = 17*w - 10*w. List the prime factors of w.
197
Suppose 0*c = 5*c + z - 80, 5 = c - 2*z. Let b = -1 - -1. Suppose b = -3*s + 6 + c. What are the prime factors of s?
7
Suppose -3*p + 4*p = 11. List the prime factors of p*-1*(-2 - 0).
2, 11
Let f = 96 - 23. Let t = -11 - f. What are the prime factors of (1/1)/((-6)/t)?
2, 7
Suppose -11*j + 661 = -967. List the prime factors of j.
2, 37
Let l be -21*(-12)/9 + 2. Suppose v - l = 4*r, r + 36 + 32 = 3*v. What are the prime factors of v?
2, 11
Let s = -1 - -5. What are the prime factors of 24/(-9)*(-24)/s?
2
Suppose -3*z + 2*z = -16. Suppose 3*u - 2*u = z. List the prime factors of u.
2
Let t(c) = -c**3 + 5*c**2 + 7*c + 7. What are the prime factors of t(6)?
13
Let x be 2/(-7) + (-36)/21. List the prime factors of (4/(-5))/(x/5).
2
Let c be -3 - (-3 + 0 - -6). List the prime factors of (-399)/(-14) - c/4.
2, 3, 5
Let o = -274 - -477. What are the prime factors of o?
7, 29
Let t(q) = -2*q - 9. Let u(c) = -5*c - 17. Let h(a) = 5*t(a) - 3*u(a). What are the prime factors of h(4)?
2, 13
Let s(a) = 3*a + 1. Let p be s(1). List the prime factors of ((-14)/p + 3)*-42.
3, 7
Let i(c) = 2*c**2 - 1. Let d be i(2). Suppose -3*f + d*f - 68 = 0. What are the prime factors of f?
17
Let f(d) be the first derivative of -d**2/2 - 9*d + 1. Suppose h = 3*q - 26, -2*h - 3*q + 6*q - 37 = 0. List the prime factors of f(h).
2
Let d be (3 - 2)/((-2)/(-4)). Suppose 0 = -i + d. Suppose i*l = 4*t + 16, 4*l - 16 = l - 2*t. What are the prime factors of l?
2, 3
Let w = -8 + 18. What are the prime factors of w?
2, 5
Suppose 2*x - 371 = r, 2*x - 176 = -4*r + 190. What are the prime factors of x?
5, 37
Let y(q) = q**3 + 13*q**2 + 12. What are the prime factors of y(-13)?
2, 3
Let r be 0 + 3 - 0/(-1). Let h = 14 + 1. What are the prime factors of (-1)/r + 50/h?
3
Suppose b = h + 4*b - 19, 0 = -4*h + 3*b + 1. Let n = 7 + -2. Suppose n*u - h*u = 4. List the prime factors of u.
2
Suppose -5*q = 2*m - 6*m + 202, 2*m = -3*q + 112. What are the prime factors of m?
53
Suppose -5*i + 4*v - 62 = 0, 3*i = -i + 4*v - 48. Let q = i + 28. What are the prime factors of q?
2, 7
Let q(f) = f**3 + 10*f**2 - 2*f - 15. Let v be q(-10). Suppose -51 = v*u - 211. Suppose 4*c + 7*i - 3*i = u, 5*c - i = 28. What are the prime factors of c?
2, 3
Suppose -2*z = -445 - 43. List the prime factors of z.
2, 61
Let n(h) = -h + 14. Let r be n(10). Suppose 0 = -r*t + 2*t + 6. What are the prime factors of t?
3
Let x = 10 + -8. Suppose 3*u = -5*j + 45 + 62, -x*j - 4*u = -40. List the prime factors of j.
2, 11
Suppose 2*x - 231 - 59 = 0. What are the prime factors of x?
5, 29
Suppose d + z - 9 = 1, 2*z + 8 = 2*d. What are the prime factors of d?
7
Suppose -4*y = l + y + 11, -4*l - 4*y + 4 = 0. Suppose 57 = l*z - i + 2*i, z = 5*i + 30. What are the prime factors of z?
3, 5
Let b(h) = h**2 - 4*h + 4. Let t be b(4). Let f = t + -1. Suppose -43 = -f*r - 13. What are the prime factors of r?
2, 5
Suppose 0 = t + 5, r + 33 = -2*r - 3*t. Let w = r + 21. What are the prime factors of (5/w)/((-1)/(-27))?
3
Let t(h) = -h - 2. Let q be t(-2). Suppose q = -3*b + 3*p + 24, -3*b + 2*p - 11 = 6*p. Suppose 65 = 8*d - b*d. What are the prime factors of d?
13
Let a(q) = q + 66. List the prime factors of a(-18).
2, 3
Suppose -4*p + 3*p = -94. List the prime factors of p.
2, 47
Suppose -c - 50 = c. Let q = c - -53. List the prime factors of q.
2, 7
Suppose 3*a = -0*a - s + 58, 5*s = -10. List the prime factors of a.
2, 5
Let q be (-12)/9*6/(-4). Suppose q*j + 35 = -3. Let i = 33 + j. List the prime factors of i.
2, 7
Suppose 140 = -0*g + 4*g. List the prime factors of g.
5, 7
What are the prime factors of -1*(0 - 380)/4?
5, 19
What are the prime factors of -3 + ((-13)/(-39) - 167/(-3))?
53
Let c be (10/(-8))/(10/40). Let l = 17 + c. What are the prime factors of l?
2, 3
Suppose 3*a + 17 = -3*v + 263, 20 = -5*a. List the prime factors of v.
2, 43
Suppose -6*w = -13 - 5. Suppose 76 = -j + w*j. What are the prime factors of j?
2, 19
Let u(f) = -5*f**3 - 4*f**2 - 3*f. What are the prime factors of u(-2)?
2, 3, 5
Suppose 3*k - 22 = 4*p + 10, -5*p + 5*k - 40 = 0. Let n = p + 12. What are the prime factors of n?
2
What are the prime factors of (-1972)/(-12) + 2/(-6) + 0?
2, 41
Suppose -4*l + 225 = l. Let g be 18/l*(9 - -1). Let z = g + 5. What are the prime factors of z?
3
Suppose -2*s + 113 = -5*f, 0*f + 5*s - 41 = f. Let w = f + 30. What are the prime factors of w?
3
Let m(w) be the second derivative of -4*w + 1/12*w**4 - 1/3*w**3 - 3*w**2 + 0. What are the prime factors of m(-4)?
2, 3
List the prime factors of ((-118)/(-8))/((-3)/(-12)).
59
Suppose 